 + 3, m - 3*u + 4 = 3. Let q(n) = -2*n**2 - n. Let c be q(m). Let d be c + -2 + (-74)/(-2). What is the highest common divisor of d and 51?
17
Let i be 109/(2 + -1) + 1. Suppose -3*c = -8*c + i. Let o = 2 + 0. Calculate the greatest common factor of o and c.
2
Let m = 8 - 4. Let g be (4/(m/(-3)))/(-1). Suppose g*b - 6*b + 32 = v, 4*b = v - 32. What is the greatest common divisor of 16 and v?
16
Let q = -36 - -56. Calculate the highest common factor of q and 20.
20
Let p = -5 + 8. Suppose 3*b - p*m + 26 = 95, 5*b = 4*m + 114. Calculate the highest common factor of b and 55.
11
Let h = 5 + -3. Let n be (-3)/(1 - 60/51). Suppose 4*y - 36 = x - 5*x, -n = -3*y - x. What is the highest common factor of y and h?
2
Suppose 7*t = -80 + 101. Let p(n) = n**2 + 2*n + 3. Let s be p(-2). What is the greatest common factor of t and s?
3
Let b(v) = -129*v - 12. Let i(g) = 32*g + 3. Let u(k) = -4*b(k) - 15*i(k). Let y be u(-4). Let w = y + 204. Calculate the greatest common divisor of w and 9.
9
Let u be (-40)/(-70) - 1361/(-7). Calculate the highest common divisor of u and 26.
13
Let c(r) = -4*r + 144. Let q be c(0). What is the greatest common factor of 18 and q?
18
Let y(u) = u**2 + 13*u + 24. Let k be y(-11). What is the greatest common factor of 3 and k?
1
Let g be (6/(-4))/(6/(-144)). Calculate the greatest common factor of 18 and g.
18
Let j(n) = n**3 + 3*n**2 - 3*n + 2. Let a be j(-4). Let q be (-2)/(a + (-15)/(-8)). What is the highest common divisor of q and 2?
2
Let t = 67 - 52. What is the highest common factor of t and 10?
5
Suppose 1433 = 5*m - 4*u, 0 = 2*u + 3 + 1. Suppose v - 4*g = 309, -v - 3*g - g + m = 0. Calculate the highest common factor of v and 27.
27
Suppose -4*a + 3*c = -177, 3*c = -5*a + 4*a + 48. Suppose -m + 2*m = a. Let t = 7 - 2. Calculate the highest common divisor of m and t.
5
Suppose 6*h = 4*h + 4. Suppose 4*j - 4*b - 160 = 0, 3*j - 80 = h*b + 40. Calculate the greatest common factor of 8 and j.
8
Let q(a) = 2*a**2 - a - 3. Let d be q(-3). Let b = -11 + d. What is the highest common divisor of b and 14?
7
Suppose -5*l - 2*c + 271 = 0, 4*l + 2*c - 218 = c. Suppose -4*k + l = k. Calculate the highest common factor of 55 and k.
11
Let a = 48 - 41. What is the highest common factor of 21 and a?
7
Let c = -73 + 213. Calculate the greatest common divisor of 35 and c.
35
Suppose -3*h - 2*h + 50 = 0. Calculate the highest common factor of h and 80.
10
Suppose 5*t = 0, -3*r + t + 116 = -262. Let x = 174 + -104. Suppose -9*d + 4*d + x = 0. Calculate the greatest common factor of d and r.
14
Let h be ((-18)/4)/(2/(-16)). Calculate the highest common divisor of h and 18.
18
Suppose 0 = -3*t - p + 3*p - 5, -2*t = 4*p + 14. Let d be (8/(-1))/(2/t). Suppose 0 = -2*z + 55 + 17. Calculate the greatest common factor of z and d.
12
Suppose -152 = -9*q + 55. Calculate the highest common factor of 230 and q.
23
Suppose 4*n = 2*n + 4. Suppose -n*s - 4*f + 6 = 0, -2*s = s - 4*f - 39. Let p(k) = 8*k - 5. Let h be p(4). Calculate the highest common divisor of h and s.
9
Let w be 2*4*12/8. Let z = w - -12. What is the greatest common divisor of 36 and z?
12
Suppose 5*j = t + 7 + 68, -j = 2*t - 15. Calculate the highest common factor of 75 and j.
15
Let w be (-3)/(-1) + 12*1. Let d = 24 - 14. Calculate the highest common divisor of w and d.
5
Let t be (99/44)/(3/16). Calculate the greatest common factor of 6 and t.
6
Suppose -j + 0*j + 64 = 0. Suppose m = 2*d - 68, 4*d - 3*m - j = 68. Calculate the greatest common factor of d and 4.
4
Suppose 6 = -2*h + 30. Let i(v) be the third derivative of v**5/30 - v**4/12 - v**2. Let t be i(2). What is the highest common factor of h and t?
4
Let y = 453 - 269. What is the greatest common factor of y and 23?
23
Let p(m) = -m**3 - 4*m**2 - m. Let l be p(-4). Let x = -2 - l. Let v = 11 + x. What is the greatest common divisor of v and 20?
5
Suppose 0 = -4*d - 8*s + 3*s + 13, -2*d - 3*s + 5 = 0. Let f be 2*16 + -1*1. Suppose -136 + f = -5*b. What is the greatest common factor of b and d?
7
Let q be (-738)/(-30) + 2/5. Suppose -g + 0 = 4*b - 24, 5*b = q. Calculate the greatest common factor of 32 and g.
4
Let d = 42 - 21. What is the greatest common factor of 84 and d?
21
Let v = 4 - 4. Suppose -2*z + 5*z - 12 = v. Suppose 36 = 2*k + 2*k + 3*j, -2*k - 3*j + 24 = 0. Calculate the greatest common divisor of k and z.
2
Suppose -o + 3*j = 0, -6*o + 30 = -3*o - 3*j. Calculate the highest common factor of 135 and o.
15
Let v be 25/(1 - 0) - 1. Suppose z - v = -z. Suppose -4*f = -4*m + 52, m + 4*f = -m + 20. What is the highest common divisor of m and z?
12
Suppose -4*y + 11 + 5 = 0, -3*y - 244 = -4*q. Let g = 9 + -4. Let l(x) = 2*x - 2. Let n be l(g). Calculate the greatest common factor of n and q.
8
Let o(g) = -g**3 + 27*g**2 - 25*g + 7. Let t be o(26). What is the highest common factor of t and 330?
33
Let a = -17 + 18. Calculate the greatest common divisor of 11 and a.
1
Let a(h) = 15*h - 3. Let j be ((-2)/3)/(6/(-27)). Let u be a(j). Suppose -u = -5*i + 73. Calculate the greatest common divisor of 184 and i.
23
Let m(y) = -y**2 - 5*y + 4. Let p be m(-5). Suppose -x + 265 = 4*a + 4*x, 140 = 2*a + p*x. Calculate the greatest common divisor of 24 and a.
12
Suppose -112 = 2*t - 128. Calculate the greatest common divisor of 8 and t.
8
Let h = -18 + 31. Let f = h - 1. Calculate the greatest common factor of 84 and f.
12
Let n = -4 + 3. Let v(t) = -7*t**2 - t - 1. Let o be v(n). Let w be (-4)/(-14) - 145/o. Calculate the greatest common divisor of 42 and w.
21
Let p be 14 - 1 - 2*(-2)/4. What is the highest common factor of p and 126?
14
Suppose 115 = 5*p - 305. What is the greatest common divisor of p and 12?
12
Let s(n) be the first derivative of n**3 - n**2 - 7*n + 3. Let k be s(-7). What is the highest common divisor of k and 14?
14
Suppose 0 = 4*f - 4*y - 784, 6*y - 10 = y. Suppose -4*w + f + 66 = 0. Calculate the greatest common factor of w and 44.
22
Let l be 9/2 - (-3)/6. Suppose -3*o + 2*y = -4, -l*y + 4*y - 2 = -4*o. Let c be (o/1 - 1) + 91. What is the greatest common divisor of 10 and c?
10
Let s be 168/(-16)*(-72)/21. Let y = 15 + -3. What is the highest common factor of y and s?
12
Suppose 3*h = -4*r + 22, 0*r + 3*h = -3*r + 15. Let y be (3 - 1)*r - -1. Calculate the greatest common divisor of y and 3.
3
Suppose -2*z - 3*z = 5. Let h be (-186)/9*3/z. Suppose 0 = w - h + 5. What is the highest common divisor of w and 38?
19
Let h = 11 + 44. Calculate the greatest common factor of 440 and h.
55
Let a(r) = 4*r - 2. Let j be a(3). Calculate the greatest common divisor of j and 20.
10
Suppose 22 = 5*j + 7. Suppose 0 = 4*v - j*u + 152 - 764, -765 = -5*v - 4*u. What is the greatest common factor of v and 17?
17
Let u = 40 - 38. Calculate the highest common divisor of 2 and u.
2
Suppose 130 = -3*b + 8*b. Suppose -3*c - 2*u = -8, 2*u = -3*u + 20. Let n be 63 - (c + -2*1). What is the greatest common factor of n and b?
13
Let r be ((-18)/15 + 0)*-35. Let s(x) = -6*x - 10. Let z be s(-4). Calculate the greatest common divisor of z and r.
14
Suppose -4*l + 2062 = 554. Calculate the greatest common divisor of l and 29.
29
Suppose -32 = -3*o - 2. Let m be 5/(o/(-6)) - -27. What is the greatest common factor of m and 60?
12
Suppose -d - 4*d + 210 = 0. What is the greatest common divisor of 14 and d?
14
Let w = 31 + -9. Let l be (22/(-5))/((-2)/50). Calculate the greatest common factor of l and w.
22
Let j = 162 - 92. What is the greatest common factor of 35 and j?
35
Let h be -38*(-1)/2 - 3. Suppose 4*a - 12 = 3*a + 2*r, 3*a = 2*r + h. What is the greatest common divisor of a and 3?
1
Let s be 270/12*12/15. Calculate the highest common factor of 6 and s.
6
Let y = -80 - -115. Let h = 54 - y. Let t(b) = -22*b - 5. Let w be t(-8). Calculate the greatest common divisor of h and w.
19
Suppose -24 = -2*x - 4. Calculate the highest common divisor of x and 50.
10
Let h(j) = -j**3 + 5*j**2 + 3*j + 11. Let i be h(6). Let s(f) = f**2 + 4*f. Let a be s(i). Calculate the highest common divisor of a and 14.
7
Let p(q) = -q**3 - 11*q**2 + 13*q + 17. Let v be p(-12). What is the greatest common divisor of 55 and v?
5
Let v = -91 - -104. Calculate the greatest common divisor of v and 39.
13
Suppose 8*m = 408 - 88. What is the greatest com